2 - 38*k + 95. What is o(9)?
-85
Let d(y) = y**2 + 1340*y - 6723. What is d(5)?
2
Let o(t) = -t**3 - 117*t**2 + 227*t - 1278. Determine o(-119).
31
Let t(n) = 51*n + 565. Calculate t(-11).
4
Let s(o) = -o**3 + 25*o**2 - 92*o - 78. Determine s(5).
-38
Let w(j) = 2*j**3 + 5*j**2 + 4*j + 5. What is w(-2)?
1
Let s(y) = y**2 + 231*y + 13343. Give s(-117).
5
Let o(j) = -2*j**2 - 60*j - 326. Determine o(-7).
-4
Let j(i) = -51*i**2 - 870*i - 33. What is j(-17)?
18
Let l(z) = -2125*z - 8612. What is l(-4)?
-112
Let o(h) = -6*h**2 + 521*h - 5393. Calculate o(12).
-5
Let p(l) = -8*l - 122. Determine p(5).
-162
Let b(a) = -2*a**3 + 32*a**2 + 4*a - 34. Calculate b(16).
30
Let v(i) = 11*i**3 + i**2 - 19*i + 42. What is v(3)?
291
Let z(y) = -3*y**2 + 35*y - 12. What is z(0)?
-12
Let k(r) = 4*r**2 - 30*r + 111. What is k(4)?
55
Let z(w) = 2*w**2 - 48*w - 99. Give z(27).
63
Let s(o) = 111*o - 1648. What is s(13)?
-205
Let i(g) = 4*g**2 - 89*g + 110. Calculate i(21).
5
Let z(w) = 17*w + 649. Determine z(-36).
37
Let i(h) = -h**2 + 18*h + 546. Calculate i(34).
2
Let q(i) = i**2 + 53*i + 554. Determine q(-14).
8
Let d(y) = 199*y**2 + 992*y - 14. Give d(-5).
1
Let r(j) = j**3 - 144*j**2 + 401*j + 3115. What is r(141)?
13
Let a(g) = -7*g**2 + 18*g - 74. Determine a(6).
-218
Let g(r) = r**2 - 21*r + 19. What is g(22)?
41
Let l(z) = -42*z - 51. Determine l(5).
-261
Let f(m) = -55*m**2 - 51*m - 98. What is f(-2)?
-216
Let c(x) = -13*x**2 - 16*x - 9. Determine c(-2).
-29
Let u(n) = n**3 + 4*n**2 - 7*n + 16. Determine u(-5).
26
Let d(x) = x**2 + 6072*x - 183057. Calculate d(30).
3
Let q(o) = -2*o**3 - 5*o**2 - 16. Calculate q(-5).
109
Let x(w) = w**3 - 3*w**2 - 47*w + 243. Determine x(5).
58
Let u(n) = -872*n**2 + 2606*n + 22. Calculate u(3).
-8
Let u(h) = -163*h - 4740. What is u(-29)?
-13
Let k(n) = 25*n - 370. Calculate k(-10).
-620
Let n(o) = 4696*o + 61038. Give n(-13).
-10
Let c(v) = -v**2 - 18*v - 61. Determine c(-3).
-16
Let h(c) = -36*c + 9. What is h(-3)?
117
Let d(n) = n**2 + 11*n - 419. What is d(17)?
57
Let d(k) = -16*k**3 - 58*k**2 + 186*k - 9. What is d(2)?
3
Let z(r) = -188*r + 30442. Determine z(162).
-14
Let w(c) = -c**2 + 21*c + 169. Calculate w(27).
7
Let x(b) = b**2 + 12*b - 230. Determine x(11).
23
Let o(r) = -716*r + 2848. Determine o(4).
-16
Let f(w) = 1179*w - 38902. Calculate f(33).
5
Let u(c) = -274*c - 745. Give u(-4).
351
Let k(u) = -u**3 - 8*u**2 - 26*u - 217. What is k(-8)?
-9
Let b(o) = o**2 + 67*o - 477. Determine b(-74).
41
Let d(f) = f**3 + 17*f**2 + 70*f - 13. Calculate d(-10).
-13
Let v(l) = 1028*l - 6396. Calculate v(6).
-228
Let c(w) = w**3 + 19*w**2 - 24*w - 127. Determine c(-20).
-47
Let i(f) = -f**3 + 9*f**2 + 7*f - 24. Calculate i(11).
-189
Let b(f) = -f**3 - 16*f**2 + 38*f + 45. What is b(-18)?
9
Let t(g) = g**3 - 42*g**2 + 49*g + 27. Calculate t(41).
355
Let y(q) = q**3 - 38*q**2 - 39*q - 5. Calculate y(39).
-5
Let c(i) = i**3 + 89*i**2 - 461*i + 841. Give c(-94).
-5
Let n(u) = -u**3 + 8*u**2 + 2*u - 39. Calculate n(8).
-23
Let p(f) = -112*f - 2278. Calculate p(-23).
298
Let q(s) = s**3 - 50*s**2 - 51*s + 4. What is q(51)?
4
Let b(u) = 7*u**3 + u**2 + 4*u. Determine b(-2).
-60
Let k(l) = -l**3 - 11*l**2 + 69*l + 30. Give k(-16).
206
Let q(z) = 875*z + 7094. Give q(-8).
94
Let k(h) = 2*h**2 + 10*h - 58. What is k(3)?
-10
Let t(r) = 100*r - 3005. Determine t(30).
-5
Let h(z) = -807*z + 1621. Determine h(2).
7
Let g(o) = -o**3 + 25*o**2 - 154*o + 330. Calculate g(17).
24
Let k(o) = 2590*o + 49214. Calculate k(-19).
4
Let x(m) = 184*m - 580. What is x(4)?
156
Let m(f) = -8*f**2 - 328*f - 10. Give m(-41).
-10
Let m(h) = -4*h**3 + 11*h**2 + 10*h - 23. Determine m(2).
9
Let h(r) = -r**3 + 56*r**2 + 3*r - 156. Give h(56).
12
Let c(s) = -40*s**3 + 361*s**2 - 10*s + 18. Calculate c(9).
9
Let m(b) = 5*b**2 + 15*b + 36. What is m(-4)?
56
Let v(x) = 171*x + 55227. Determine v(-323).
-6
Let u(k) = k**2 - 351*k + 28752. Calculate u(130).
22
Let r(u) = -7424*u + 37132. Determine r(5).
12
Let i(b) = b**3 + 57*b**2 - 2*b + 113. Determine i(-57).
227
Let z(x) = -x + 95. Determine z(3).
92
Let x(j) = j**2 + 77. Determine x(-14).
273
Let t(m) = -76*m + 30. Calculate t(13).
-958
Let m(h) = 7*h**2 - 15*h - 21. Give m(4).
31
Let o(z) = 30*z - 2319. What is o(78)?
21
Let s(c) = 156*c + 5742. Calculate s(-37).
-30
Let s(i) = 2*i**3 - 22*i**2 - 50*i + 535. What is s(11)?
-15
Let t(x) = x**2 + 15*x - 208. Calculate t(9).
8
Let k(q) = -8*q**2 + 71*q. Determine k(9).
-9
Let f(r) = -29*r**3 - 30*r + 40. Calculate f(0).
40
Let r(w) = -w**3 - 26*w**2 + 118*w - 29. What is r(-30)?
31
Let q(r) = -3*r**3 + 17*r**2 - 61*r + 50. Give q(4).
-114
Let h(j) = -j + 87. Give h(16).
71
Let w(a) = -29*a - 141. What is w(-5)?
4
Let p(v) = -26*v + 1373. What is p(53)?
-5
Let m(k) = -k**3 - 2*k**2 + 48*k + 140. Calculate m(-6).
-4
Let g(n) = n**3 - 84*n**2 - 835*n - 88. What is g(93)?
98
Let c(b) = -4853*b - 29158. What is c(-6)?
-40
Let m(v) = -2*v**3 + 3*v**2 + 38*v + 9. What is m(0)?
9
Let i(h) = h**2 - 112*h - 685. What is i(-6)?
23
Let s(y) = -1516*y - 31841. Give s(-21).
-5
Let l(q) = q**3 + 10*q**2 - 66*q - 113. Determine l(5).
-68
Let z(c) = -c**3 + 16*c**2 + 30*c + 36. Determine z(18).
-72
Let m(u) = 31*u - 164. Calculate m(5).
-9
Let t(d) = -d**2 + 192*d - 1463. What is t(8)?
9
Let w(r) = 3*r**3 - 51*r**2 + 36*r + 191. Calculate w(16).
-1
Let w(y) = 2*y**3 - 98*y**2 + 10*y - 516. Calculate w(49).
-26
Let y(v) = 18*v**2 + 182*v - 2. Calculate y(-8).
-306
Let w(m) = -2*m**3 - 98*m**2 - 92*m + 196. Give w(-48).
4
Let w(j) = j**3 + 75*j**2 - 82*j - 500. Determine w(-76).
-44
Let a(o) = -o**3 + 16*o**2 - 37*o - 29. Give a(13).
-3
Let w(g) = g**3 - 40*g**2 - 226*g - 3. Give w(-5).
2
Let p(r) = 2075*r - 24897. Give p(12).
3
Let d(t) = -52*t - 33. Give d(-3).
123
Let n(z) = 104*z + 1769. What is n(-17)?
1
Let f(g) = -57*g + 79. Determine f(2).
-35
Let c(p) = -32*p**2 - 245*p - 12. Calculate c(-10).
-762
Let q(c) = c**3 - 33*c**2 + 88*c + 108. Give q(30).
48
Let r(s) = 7*s**2 + 156*s + 524. What is r(-18)?
-16
Let h(c) = 23*c**2 - 1126*c - 49. Calculate h(49).
0
Let y(p) = -p**3 - 89*p**2 + 568*p - 182. What is y(-95)?
8
Let g(u) = 25*u - 29. What is g(6)?
121
Let w(t) = -t**3 + 9*t**2 + 8*t + 21. What is w(10)?
1
Let f(q) = -q**3 + 108*q**2 - 293*q - 2313. Determine f(105).
-3
Let r(x) = -180*x + 22689. Give r(126).
9
Let t(i) = i**3 + 8*i**2 + 137*i + 840. Give t(-7).
-70
Let f(j) = -2*j**2 + 24*j + 109. Calculate f(17).
-61
Let a(m) = -3*m**2 + 181*m - 238. Determine a(59).
-2
Let l(b) = 7*b**2 + 437*b - 14958. Give l(-87).
6
Let b(j) = -92*j + 103. Give b(1).
11
Let x(g) = -6*g**2 + 34*g + 37. Give x(8).
-75
Let g(f) = f**3 - 6*f**2 - 56*f - 9. What is g(11)?
-20
Let j(x) = -x**3 + 54*x**2 + 4*x - 142. Give j(54).
74
Let j(n) = 76*n - 919. Determine j(12).
-7
Let w(y) = -9*y - 60. Determine w(3).
-87
Let u(o) = o**3 + 48*o**2 + 152*o + 785. What is u(-45)?
20
Let d(m) = 26*m + 103. What is d(-6)?
-53
Let a(n) = -5*n**2 + 6*n + 40. What is a(3)?
13
Let k(o) = -o**2 - 309*o - 23563. Calculate k(-172).
1
Let f(u) = -u**2 + 15*u + 153. Determine f(-9).
-63
Let s(p) = -5*p**3 + 20*p**2 - 19*p + 94. Calculate s(6).
-380
Let t(x) = -13*x**3 - 5*x**2 + 10*x + 25. What is t(-2)?
89
Let x(n) = 2*n**3 + 2*n**2 + 2*n - 638. Calculate x(0).
-638
Let l(w) = -w**3 + 14*w**2 - 12*w + 64. Calculate l(12).
208
Let j(a) = -34*a**2 - 204*a + 1. Determine j(-6).
1
Let n(h) = 37*h + 2390. Give n(-78).
-496
Let m(p) = -p**3 + 4*p**2 - 30*p + 214. Calculate m(6).
-38
Let v(t) = 1807*t + 41556. Give v(-23).
-5
Let j(u) = 7*u**2 + 46*u - 123. Give j(3).
78
Let a(s) = 487*s - 2949. What is a(7)?
460
Let w(z) = 4*z**2 - 133*z + 52. Calculate w(33).
19
Let d(k) = -120*k + 14520. Determine d(121).
0
Let j(b) = -2*b - 78. Give j(-59).
40
Let z(i) = i**3 - 6*i**2 - 5*i + 17. What is z(4)?
-35
Let j(r) = r**2 + 98*r + 1367. Give j(-18).
-73
Let y(j) = -10*j + 50. Calculate y(27).
-220
Let g(t) = -428*t - 2613. Give g(-6).
-45
Let u(s) = -2*s**3 - s**2 + 166*s + 115. Give u(-9).
-2
Let t(j) = -3*j - 174. Give t(-14).
-132
Let x(i) = -20*i**2 + 339*i - 19. What is x(17)?
-36
Let s(f) = -f**3 - 5*f**2 - 71*f + 607. Give s(5).
2
Let y(q) = q**2 - 7*q - 2. Calculate y(5).
-12
Let f(a) = -a**3 - 137*a*